{"id":19,"date":"2019-03-02T13:28:46","date_gmt":"2019-03-02T12:28:46","guid":{"rendered":"http:\/\/neu.cmskurse.com\/?page_id=19"},"modified":"2024-03-03T14:17:20","modified_gmt":"2024-03-03T13:17:20","slug":"informationen","status":"publish","type":"page","link":"https:\/\/cmskurse.com\/www\/home\/informationen\/","title":{"rendered":"Informieren"},"content":{"rendered":"\n<p><strong>Webseiten unterscheiden sich grundlegend von Druckerzeugnissen.<\/strong> <\/p>\n\n\n\n<p>Informationen werden im Wesentlichen im <strong>HTML5-Format<\/strong>&nbsp;angeboten, das sich in folgenden Punkten von papierorientierten Formaten unterscheidet:<\/p>\n\n\n\n<ul class=\"wp-block-list\">\n<li>M\u00f6glichkeit der&nbsp;<strong>Verlinkung<\/strong>&nbsp;von Inhalten<\/li>\n\n\n\n<li>Ein Dokument beseht aus einer beliebig langen Seite ohne festgelegte Breite. Dadurch ist es m\u00f6glich, Dokumente zur erzeugen, die auch&nbsp;<strong>auf kleinen Displays (Smartphones) gut lesbar<\/strong> sind (Responsive Design). Papierorientierte Formate (PDF, Word, \u2026) sind auf Smartphones nur schwer lesbar.<br><\/li>\n\n\n\n<li>Visualisierung durch interaktive Grafiken, mit denen&nbsp;<strong>Zusammenh\u00e4nge wesentlich besser erkannt werden&nbsp;k\u00f6nnen<\/strong> als mit herk\u00f6mmlichen, papierbasierten Dokumentationen (Data Driven Dokuments)<br><\/li>\n<\/ul>\n\n\n\n<p>Selbstverst\u00e4ndlich m\u00fcssen bei Bedarf auch noch herk\u00f6mmliche Formate angeboten werden, da die meisten Dokumentationen nach wie vor papierorientiert gef\u00fchrt werden. Es sollte dabei aber immer hinterfragt werden, ob der damit verbundene Prozess durch eine<strong>&nbsp;webbasierte Alternative<\/strong>&nbsp;optimiert werden kann.<\/p>\n","protected":false},"excerpt":{"rendered":"<p>Webseiten unterscheiden sich grundlegend von Druckerzeugnissen. Informationen werden im Wesentlichen im HTML5-Format&nbsp;angeboten, das sich in folgenden Punkten von papierorientierten Formaten unterscheidet: Selbstverst\u00e4ndlich m\u00fcssen bei Bedarf auch noch herk\u00f6mmliche Formate angeboten werden, da die meisten Dokumentationen nach wie vor papierorientiert gef\u00fchrt werden. Es sollte dabei aber immer hinterfragt werden, ob der damit verbundene Prozess durch eine&nbsp;webbasierte [&hellip;]<\/p>\n","protected":false},"author":2,"featured_media":201,"parent":7,"menu_order":0,"comment_status":"closed","ping_status":"closed","template":"","meta":{"_eb_attr":"","footnotes":""},"class_list":["post-19","page","type-page","status-publish","has-post-thumbnail","hentry"],"_links":{"self":[{"href":"https:\/\/cmskurse.com\/www\/wp-json\/wp\/v2\/pages\/19","targetHints":{"allow":["GET"]}}],"collection":[{"href":"https:\/\/cmskurse.com\/www\/wp-json\/wp\/v2\/pages"}],"about":[{"href":"https:\/\/cmskurse.com\/www\/wp-json\/wp\/v2\/types\/page"}],"author":[{"embeddable":true,"href":"https:\/\/cmskurse.com\/www\/wp-json\/wp\/v2\/users\/2"}],"replies":[{"embeddable":true,"href":"https:\/\/cmskurse.com\/www\/wp-json\/wp\/v2\/comments?post=19"}],"version-history":[{"count":10,"href":"https:\/\/cmskurse.com\/www\/wp-json\/wp\/v2\/pages\/19\/revisions"}],"predecessor-version":[{"id":422,"href":"https:\/\/cmskurse.com\/www\/wp-json\/wp\/v2\/pages\/19\/revisions\/422"}],"up":[{"embeddable":true,"href":"https:\/\/cmskurse.com\/www\/wp-json\/wp\/v2\/pages\/7"}],"wp:featuredmedia":[{"embeddable":true,"href":"https:\/\/cmskurse.com\/www\/wp-json\/wp\/v2\/media\/201"}],"wp:attachment":[{"href":"https:\/\/cmskurse.com\/www\/wp-json\/wp\/v2\/media?parent=19"}],"curies":[{"name":"wp","href":"https:\/\/api.w.org\/{rel}","templated":true}]}}